{"id":684,"date":"2022-02-06T16:04:12","date_gmt":"2022-02-06T15:04:12","guid":{"rendered":"https:\/\/www.naturellement-gourmand.com\/?page_id=684"},"modified":"2022-02-06T17:18:00","modified_gmt":"2022-02-06T16:18:00","slug":"macarons","status":"publish","type":"page","link":"https:\/\/www.naturellement-gourmand.com\/?page_id=684","title":{"rendered":"Macarons"},"content":{"rendered":"\n<p>Apr\u00e8s plusieurs demandes, les voici! Les macarons!<\/p>\n\n\n\n<p>Pas besoin de les pr\u00e9senter je pense. Un coque&nbsp;<strong>croquante<\/strong>&nbsp;\u00e0 l&#8217;ext\u00e9rieur et&nbsp;<strong>moelleuse<\/strong>&nbsp;\u00e0 l&#8217;int\u00e9rieur associ\u00e9e \u00e0 la ganache&nbsp;<strong>fondante&nbsp;<\/strong>de votre choix (chocolat, caramel ou pistache). D&#8217;autres saveurs seront disponibles au cours de l&#8217;ann\u00e9e en fonction des saisons.<\/p>\n\n\n\n<p>R\u00e9el produit de gourmandise, le macaron saura ravir vos papilles,&nbsp;<em>vous n&#8217;en ferez qu&#8217;une bouch\u00e9e!<\/em> Abonnez-vous pour ne rien rater des nouveaut\u00e9s!<\/p>\n\n\n\n<p>Ils sont disponibles&nbsp;<strong>en retrait<\/strong>&nbsp;\u00e0 mon adresse ou par&nbsp;<strong>envoi<\/strong>&nbsp;mais seulement en France (pour limiter le temps de trajet, cela reste des produits fragiles).<\/p>\n\n\n<p><a href=\"https:\/\/www.naturellement-gourmand.com\/?page_id=278#!\/Macarons\/p\/436519681\/category=0\" data-wplink-edit=\"true\">Commandez vos macarons en cliquant ici!<\/a><\/p>\n\n\n<p>Une bo\u00eete contient 8 macarons. 150g environ.<\/p>\n\n\n\n<p>Ingr\u00e9dients : sucre glace, poudre d&#8217;amandes, blancs d&#8217;oeufs, sucre.<\/p>\n\n\n\n<p>Pour la ganaches, les ingr\u00e9dients varient: cr\u00e8me, chocolat, sucre (caramel) ou p\u00e2te de pistache.<\/p>\n\n\n\n<p>(Je ne fais pas de macarons aux fruits rouges pour le moment car ce n&#8217;est pas la saison)<\/p>\n\n\n\n<p><em>Susceptibles de contenir des traces d\u2019autres allerg\u00e8nes.<\/em><\/p>\n\n\n\n<p><\/p>\n\n\n\n<figure class=\"wp-block-gallery has-nested-images columns-default is-cropped wp-block-gallery-1 is-layout-flex wp-block-gallery-is-layout-flex\">\n<figure class=\"wp-block-image size-large\"><img loading=\"lazy\" decoding=\"async\" width=\"500\" height=\"343\" data-id=\"711\" src=\"https:\/\/www.naturellement-gourmand.com\/wp-content\/uploads\/2022\/01\/IMG_9977.jpg\" alt=\"\" class=\"wp-image-711\" srcset=\"https:\/\/www.naturellement-gourmand.com\/wp-content\/uploads\/2022\/01\/IMG_9977.jpg 500w, https:\/\/www.naturellement-gourmand.com\/wp-content\/uploads\/2022\/01\/IMG_9977-300x206.jpg 300w\" sizes=\"auto, (max-width: 500px) 100vw, 500px\" \/><\/figure>\n\n\n\n<figure class=\"wp-block-image size-full\"><img loading=\"lazy\" decoding=\"async\" width=\"500\" height=\"335\" data-id=\"735\" src=\"https:\/\/www.naturellement-gourmand.com\/wp-content\/uploads\/2022\/02\/IMG_0101-2.jpg\" alt=\"\" class=\"wp-image-735\" srcset=\"https:\/\/www.naturellement-gourmand.com\/wp-content\/uploads\/2022\/02\/IMG_0101-2.jpg 500w, https:\/\/www.naturellement-gourmand.com\/wp-content\/uploads\/2022\/02\/IMG_0101-2-300x201.jpg 300w\" sizes=\"auto, (max-width: 500px) 100vw, 500px\" \/><\/figure>\n\n\n\n<figure class=\"wp-block-image size-large\"><img loading=\"lazy\" decoding=\"async\" width=\"500\" height=\"358\" data-id=\"709\" src=\"https:\/\/www.naturellement-gourmand.com\/wp-content\/uploads\/2022\/01\/IMG_0019.jpg\" alt=\"\" class=\"wp-image-709\" srcset=\"https:\/\/www.naturellement-gourmand.com\/wp-content\/uploads\/2022\/01\/IMG_0019.jpg 500w, https:\/\/www.naturellement-gourmand.com\/wp-content\/uploads\/2022\/01\/IMG_0019-300x215.jpg 300w\" sizes=\"auto, (max-width: 500px) 100vw, 500px\" \/><\/figure>\n<\/figure>\n\n\n\n<figure class=\"wp-block-gallery has-nested-images columns-default is-cropped wp-block-gallery-2 is-layout-flex wp-block-gallery-is-layout-flex\">\n<figure class=\"wp-block-image size-large\"><img loading=\"lazy\" decoding=\"async\" width=\"330\" height=\"500\" data-id=\"708\" src=\"https:\/\/www.naturellement-gourmand.com\/wp-content\/uploads\/2022\/01\/IMG_9987-1.jpg\" alt=\"\" class=\"wp-image-708\" srcset=\"https:\/\/www.naturellement-gourmand.com\/wp-content\/uploads\/2022\/01\/IMG_9987-1.jpg 330w, https:\/\/www.naturellement-gourmand.com\/wp-content\/uploads\/2022\/01\/IMG_9987-1-198x300.jpg 198w\" sizes=\"auto, (max-width: 330px) 100vw, 330px\" \/><\/figure>\n\n\n\n<figure class=\"wp-block-image size-full\"><img loading=\"lazy\" decoding=\"async\" width=\"347\" height=\"500\" data-id=\"736\" src=\"https:\/\/www.naturellement-gourmand.com\/wp-content\/uploads\/2022\/02\/IMG_0105-2.jpg\" alt=\"\" class=\"wp-image-736\" srcset=\"https:\/\/www.naturellement-gourmand.com\/wp-content\/uploads\/2022\/02\/IMG_0105-2.jpg 347w, https:\/\/www.naturellement-gourmand.com\/wp-content\/uploads\/2022\/02\/IMG_0105-2-208x300.jpg 208w\" sizes=\"auto, (max-width: 347px) 100vw, 347px\" \/><\/figure>\n\n\n\n<figure class=\"wp-block-image size-large\"><img loading=\"lazy\" decoding=\"async\" width=\"344\" height=\"500\" data-id=\"706\" src=\"https:\/\/www.naturellement-gourmand.com\/wp-content\/uploads\/2022\/01\/IMG_0014.jpg\" alt=\"\" class=\"wp-image-706\" srcset=\"https:\/\/www.naturellement-gourmand.com\/wp-content\/uploads\/2022\/01\/IMG_0014.jpg 344w, https:\/\/www.naturellement-gourmand.com\/wp-content\/uploads\/2022\/01\/IMG_0014-206x300.jpg 206w\" sizes=\"auto, (max-width: 344px) 100vw, 344px\" \/><\/figure>\n<\/figure>\n","protected":false},"excerpt":{"rendered":"<p>Apr\u00e8s plusieurs demandes, les voici! Les macarons! Pas besoin de les pr\u00e9senter je pense. Un coque&nbsp;croquante&nbsp;\u00e0 l&#8217;ext\u00e9rieur et&nbsp;moelleuse&nbsp;\u00e0 l&#8217;int\u00e9rieur associ\u00e9e&hellip;<\/p>\n<p> <a class=\"more-link\" href=\"https:\/\/www.naturellement-gourmand.com\/?page_id=684\">Read more<\/a><\/p>\n","protected":false},"author":1,"featured_media":0,"parent":0,"menu_order":2,"comment_status":"closed","ping_status":"closed","template":"","meta":{"footnotes":""},"class_list":["post-684","page","type-page","status-publish"],"_links":{"self":[{"href":"https:\/\/www.naturellement-gourmand.com\/index.php?rest_route=\/wp\/v2\/pages\/684","targetHints":{"allow":["GET"]}}],"collection":[{"href":"https:\/\/www.naturellement-gourmand.com\/index.php?rest_route=\/wp\/v2\/pages"}],"about":[{"href":"https:\/\/www.naturellement-gourmand.com\/index.php?rest_route=\/wp\/v2\/types\/page"}],"author":[{"embeddable":true,"href":"https:\/\/www.naturellement-gourmand.com\/index.php?rest_route=\/wp\/v2\/users\/1"}],"replies":[{"embeddable":true,"href":"https:\/\/www.naturellement-gourmand.com\/index.php?rest_route=%2Fwp%2Fv2%2Fcomments&post=684"}],"version-history":[{"count":8,"href":"https:\/\/www.naturellement-gourmand.com\/index.php?rest_route=\/wp\/v2\/pages\/684\/revisions"}],"predecessor-version":[{"id":737,"href":"https:\/\/www.naturellement-gourmand.com\/index.php?rest_route=\/wp\/v2\/pages\/684\/revisions\/737"}],"wp:attachment":[{"href":"https:\/\/www.naturellement-gourmand.com\/index.php?rest_route=%2Fwp%2Fv2%2Fmedia&parent=684"}],"curies":[{"name":"wp","href":"https:\/\/api.w.org\/{rel}","templated":true}]}}